t -8 (base 9) to base 16.
-8
What is 21 (base 4) in base 10?
9
What is -7 (base 8) in base 6?
-11
What is -1110 (base 3) in base 10?
-39
-2 (base 9) to base 3
-2
101 (base 7) to base 16
32
-3 (base 4) to base 11
-3
-7 (base 10) to base 15
-7
Convert 10 (base 5) to base 14.
5
11122 (base 3) to base 9
148
What is 101 (base 2) in base 14?
5
What is -5 (base 15) in base 4?
-11
-18 (base 9) to base 2
-10001
-51 (base 7) to base 15
-26
-21 (base 6) to base 16
-d
-28 (base 10) to base 6
-44
What is -40 (base 11) in base 8?
-54
Convert -22 (base 3) to base 12.
-8
What is 0 (base 6) in base 10?
0
What is 4 (base 9) in base 15?
4
What is 2 (base 16) in base 6?
2
Convert -2 (base 6) to base 12.
-2
What is 1123 (base 4) in base 9?
111
What is 3 (base 14) in base 10?
3
Convert 21 (base 7) to base 12.
13
What is 31 (base 8) in base 6?
41
Convert 3 (base 6) to base 4.
3
Convert 14 (base 7) to base 14.
b
What is 2 (base 4) in base 3?
2
What is 7 (base 16) in base 4?
13
What is -a (base 12) in base 14?
-a
What is 11 (base 11) in base 9?
13
Convert 5b (base 12) to base 9.
78
Convert 2 (base 11) to base 16.
2
What is 10100 (base 2) in base 4?
110
-1 (base 7) to base 8
-1
Convert 0 (base 7) to base 11.
0
1 (base 9) to base 16
1
What is 15 (base 7) in base 8?
14
What is 4a (base 13) in base 9?
68
Convert -ad (base 14) to base 16.
-99
Convert a9 (base 12) to base 11.
108
Convert -10 (base 2) to base 14.
-2
What is 4 (base 14) in base 2?
100
What is -51 (base 13) in base 15?
-46
What is -87 (base 10) in base 15?
-5c
Convert -9 (base 13) to base 16.
-9
Convert -101 (base 4) to base 7.
-23
Convert 1 (base 13) to base 5.
1
Convert -123 (base 7) to base 15.
-46
Convert 6 (base 15) to base 13.
6
-37 (base 10) to base 6
-101
10 (base 4) to base 12
4
What is 113 (base 4) in base 14?
19
1 (base 5) to base 3
1
10 (base 6) to base 2
110
Convert -61 (base 9) to base 5.
-210
What is -88 (base 10) in base 2?
-1011000
-5 (base 6) to base 10
-5
What is -5 (base 9) in base 3?
-12
What is 1b (base 15) in base 10?
26
33 (base 8) to base 7
36
0 (base 16) to base 6
0
-2 (base 7) to base 9
-2
What is 4 (base 11) in base 7?
4
What is -113 (base 8) in base 16?
-4b
Convert 7 (base 8) to base 4.
13
Convert 2 (base 10) to base 4.
2
What is 111101 (base 2) in base 15?
41
What is -21 (base 12) in base 2?
-11001
What is 15 (base 10) in base 12?
13
Convert -2 (base 10) to base 7.
-2
What is 7 (base 15) in base 11?
7
-158 (base 10) to base 11
-134
-27 (base 10) to base 14
-1d
What is -8 (base 12) in base 7?
-11
What is -10 (base 4) in base 13?
-4
2 (base 5) to base 7
2
What is 0 (base 6) in base 12?
0
What is 10120 (base 3) in base 15?
66
What is -2003 (base 5) in base 12?
-191
114 (base 16) to base 14
15a
100011 (base 2) to base 12
2b
Convert 10101 (base 2) to base 10.
21
203 (base 4) to base 12
2b
1 (base 13) to base 4
1
What is 10 (base 6) in base 9?
6
20 (base 3) to base 10
6
Convert 63 (base 12) to base 16.
4b
Convert -6 (base 16) to base 2.
-110
30 (base 4) to base 6
20
44 (base 8) to base 6
100
-4 (base 6) to base 8
-4
48 (base 9) to base 16
2c
1 (base 10) to base 7
1
-4 (base 15) to base 2
-100
What is -1b (base 15) in base 16?
-1a
Convert -4 (base 15) to base 14.
-4
What is a3 (base 16) in base 4?
2203
Convert -8 (base 14) to base 15.
-8
Convert 3 (base 11) to base 2.
11
65 (base 8) to base 16
35
Convert 20 (base 3) to base 4.
12
-200 (base 5) to base 3
-1212
Convert 6 (base 9) to base 10.
6
Convert -3 (base 16) to base 2.
-11
Convert 7 (base 10) to base 4.
13
62 (base 11) to base 5
233
What is -122 (base 3) in base 9?
-18
0 (base 10) to base 3
0
-1 (base 11) to base 6
-1
-7d (base 15) to base 14
-86
14 (base 14) to base 13
15
What is 10 (base 9) in base 7?
12
-100 (base 3) to base 10
-9
Convert 5 (base 16) to base 10.
5
Convert 1 (base 11) to base 4.
1
Convert 1a (base 16) to base 6.
42
What is dc (base 15) in base 3?
21200
What is -d (base 14) in base 3?
-111
Convert -10001 (base 2) to base 14.
-13
Convert 2 (base 4) to base 2.
10
Convert -12 (base 12) to base 16.
-e
What is 1a3 (base 12) in base 16?
10b
-1000 (base 4) to base 6
-144
0 (base 16) to base 8
0
3 (base 9) to base 6
3
Convert -421 (base 9) to base 10.
-343
a8 (base 11) to base 16
76
Convert -1 (base 6) to base 4.
-1
-8 (base 15) to base 16
-8
Convert -3 (base 15) to base 12.
-3
What is -1 (base 13) in base 12?
-1
-5 (base 15) to base 3
-12
What is -110000 (base 2) in base 7?
-66
What is -220 (base 3) in base 10?
-24
Convert -12 (base 8) to base 14.
-a
-329 (base 10) to base 11
-27a
Convert 112 (base 3) to base 11.
13
Convert -1044 (base 5) to base 10.
-149
1 (base 8) to base 9
1
Convert -13 (base 8) to base 12.
-b
Convert -b8 (base 12) to base 16.
-8c
Convert 110 (base 2) to base 14.
6
-6 (base 8) to base 10
-6
What is -216 (base 7) in base 2?
-1101111
-3 (base 6) to base 10
-3
Convert -5 (base 14) to base 9.
-5
-4 (base 8) to base 16
-4
Convert -61 (base 10) to base 7.
-115
Convert 20 (base 15) to base 16.
1e
What is -20 (base 5) in base 2?
-1010
36 (base 12) to base 5
132
Convert 1 (base 2) to base 8.
1
4 (base 16) to base 5
4
What is -1 (base 12) in base 7?
-1
What is 112 (base 7) in base 8?
72
c3 (base 16) to base 13
120
23 (base 8) to base 4
103
Convert -25 (base 15) to base 13.
-29
Convert -7 (base 12) to base 13.
-7
Convert 121 (base 4) to base 7.
34
What is 100111 (base 2) in base 4?
213
Convert 453 (base 7) to base 3.
22200
Convert 4 (base 13) to base 10.
4
What is -2 (base 15) in base 10?
-2
What is 4 (base 15) in base 12?
4
Convert 127 (base 10) to base 16.
7f
Convert 0 (base 12) to base 13.
0
What is 6 (base 7) in base 3?
20
-3 (base 10) to base 7
-3
-3 (base 11) to base 7
-3
0 (base 7) to base 3
0
Convert -220 (base 3) to base 10.
-24
Convert 12 (base 9) to base 13.
b
What is -6 (base 11) in base 9?
-6
-20 (base 15) to base 3
-1010
What is -32 (base 14) in base 3?
-1122
1 (base 4) to base 5
1
What is -7 (base 15) in base 10?
-7
Convert 0 (base 8) to base 15.
0
What is -1231 (base 5) in base 11?
-164
82 (base 14) to base 13
8a
What is 101010 (base 2) in base 16?
2a
What is 0 (base 15) in base 12?
0
What is -31 (base 5) in base 9?
-17
What is 2 (base 9) in base 6?
2
Convert 5 (base 6) to base 3.
12
Convert 106 (base 9) to base 14.
63
Convert 4 (base 11) to base 12.
4
1 (base 14) to base 6
1
What is 9 (base 14) in base 3?
100
What is b (base 12) in base 7?
14
What is 105 (base 13) in base 5?
1144
67 (base 8) to base 14
3d
What is -21 (base 10) in base 16?
-15
-1 (base 8) to base 15
-1
0 (base 13) to base 6
0
Convert 5 (base 11) to base 16.
5
Convert 224 (base 5) to base 13.
4c
-6 (base 8) to base 16
-6
Convert -58 (base 10) to base 9.
-64
Convert -2 (base 4) to base 7.
-2
0 (base 5) to base 2
0
-2 (base 8) to base 11
-2
Convert -2 (base 4) to base 11.
-2
Convert 18 (base 12) to base 16.
14
-166 (base 7) to base 8
-141
Convert -11 (base 13) to base 2.
-1110
70 (base 15) to base 13
81
What is -121 (base 5) in base 9?
-40
What is 3 (base 5) in base 9?
3
Convert -10 (base 6) to base 14.
-6
Convert 7 (base 13) to base 11.
7
What is 15 (base 7) in base 11?
11
Convert -20 (base 4) to base 2.
-1000
Convert -2 (base 11) to base 14.
-2
Convert 3 (base 15) to base 6.
3
-3 (base 15) to base 9
-3
-15 (base 16) to base 3
-210
What is 10 (base 2) in base 7?
2
11 (base 10) to base 11
10
0 (base 2) to base 4
0
What is 4 (base 5) in base 7?
4
What is -404 (base 8) in base 7?
-521
What is a (base 11) in base 15?
a
What is -271 (base 10) in base 8?
-417
Convert -2d (base 14) to base 12.
-35
Convert 10 (base 7) to base 14.
7
-5 (base 16) to base 9
-5
What is -74 (base 13) in base 14?
-6b
What is -425 (base 7) in base 11?
-186
What is -6a (base 12) in base 6?
-214
What is 222 (base 8) in base 7?
266
-30 (base 10) to base 5
-110
6 (base 14) to base 15
6
6e (base 16) to base 5
420
3 (base 15) to base 14
3
What is -4 (base 13) in base 7?
-4
7 (base 15) to base 2
111
Convert 0 (base 5) to base 15.
0
-100 (base 3) to base 4
-21
What is -105 (base 8) in base 3?
-2120
What is -13 (base 5) in base 7?
-11
33 (base 6) to base 13
18
Convert 12 (base 15) to base 10.
17
What is -304 (base 7) in base 4?
-2113
-334 (base 5) to base 13
-73
What is -50 (base 6) in base 13?
-24
0 (base 13) to base 3
0
-71 (base 13) to base 8
-134
Convert 9 (base 15